s the greatest common factor of 65 and 195?
65
Calculate the greatest common factor of 5 and 1055.
5
Calculate the greatest common factor of 24 and 456.
24
Calculate the greatest common divisor of 84 and 36.
12
Calculate the highest common factor of 308 and 220.
44
What is the greatest common divisor of 820 and 36?
4
What is the greatest common divisor of 159 and 12879?
159
What is the highest common factor of 126 and 693?
63
Calculate the greatest common factor of 4 and 1076.
4
What is the greatest common divisor of 187 and 11?
11
Calculate the highest common divisor of 313 and 46637.
313
Calculate the highest common factor of 220 and 2090.
110
Calculate the highest common factor of 120 and 448.
8
What is the greatest common factor of 5 and 155?
5
What is the greatest common divisor of 2829 and 5781?
123
Calculate the greatest common divisor of 812 and 84.
28
What is the highest common factor of 11 and 352?
11
What is the highest common divisor of 246 and 6?
6
Calculate the greatest common divisor of 245 and 14.
7
What is the highest common factor of 48 and 456?
24
What is the greatest common divisor of 24 and 80?
8
What is the greatest common divisor of 582 and 12?
6
Calculate the greatest common factor of 6219 and 18.
9
Calculate the highest common factor of 13 and 65.
13
What is the highest common divisor of 15 and 88185?
15
Calculate the highest common divisor of 500 and 300.
100
Calculate the greatest common factor of 30 and 220.
10
Calculate the highest common factor of 14 and 791.
7
What is the highest common factor of 595 and 85?
85
Calculate the greatest common factor of 10 and 165.
5
Calculate the greatest common factor of 455 and 637.
91
Calculate the highest common divisor of 1590 and 90.
30
Calculate the greatest common factor of 715 and 115.
5
What is the greatest common divisor of 1479 and 357?
51
What is the highest common factor of 56 and 476?
28
What is the highest common factor of 2070 and 92?
46
Calculate the greatest common divisor of 152 and 24776.
152
Calculate the greatest common divisor of 32 and 200.
8
Calculate the highest common factor of 17 and 2363.
17
Calculate the greatest common divisor of 345 and 1104.
69
What is the highest common factor of 10 and 230?
10
Calculate the greatest common factor of 30 and 50.
10
What is the highest common divisor of 6 and 15?
3
What is the highest common divisor of 5457 and 85?
17
Calculate the greatest common divisor of 14 and 38.
2
Calculate the highest common factor of 3683 and 29.
29
What is the greatest common divisor of 98 and 147?
49
What is the highest common divisor of 12 and 9?
3
Calculate the highest common divisor of 108 and 18.
18
What is the highest common divisor of 98 and 112?
14
What is the greatest common divisor of 26 and 13?
13
What is the greatest common factor of 598 and 52?
26
What is the greatest common factor of 61 and 1342?
61
What is the highest common divisor of 92 and 39583?
23
What is the greatest common factor of 11 and 40073?
11
Calculate the highest common divisor of 192 and 1984.
64
What is the greatest common factor of 12 and 3?
3
Calculate the greatest common factor of 1102 and 38.
38
Calculate the greatest common divisor of 1 and 107.
1
What is the highest common factor of 492 and 2091?
123
Calculate the highest common factor of 75 and 325.
25
Calculate the highest common divisor of 49257 and 117.
117
What is the greatest common factor of 7526 and 106?
106
What is the highest common factor of 610 and 20?
10
Calculate the highest common divisor of 3306 and 114.
114
What is the greatest common factor of 216 and 96?
24
What is the highest common divisor of 384 and 2040?
24
What is the greatest common factor of 304 and 64?
16
What is the highest common divisor of 414 and 322?
46
Calculate the highest common factor of 11 and 4037.
11
Calculate the highest common factor of 455 and 351.
13
What is the highest common divisor of 1978 and 207?
23
Calculate the highest common divisor of 14 and 350.
14
What is the highest common factor of 24 and 240?
24
Calculate the greatest common factor of 748 and 68.
68
Calculate the highest common divisor of 7 and 420.
7
What is the highest common factor of 25 and 12100?
25
What is the highest common factor of 351 and 299?
13
Calculate the highest common factor of 160 and 365.
5
What is the highest common factor of 1067 and 55?
11
What is the greatest common factor of 354 and 36?
6
What is the highest common factor of 3002 and 237?
79
What is the highest common divisor of 23 and 161?
23
What is the highest common divisor of 470 and 10?
10
What is the highest common factor of 166 and 14?
2
What is the greatest common factor of 75 and 60?
15
Calculate the highest common factor of 56 and 7.
7
Calculate the greatest common divisor of 436 and 15478.
218
What is the highest common divisor of 40 and 720?
40
What is the greatest common divisor of 253 and 5566?
253
Calculate the highest common divisor of 282 and 7802.
94
What is the highest common factor of 195 and 900?
15
Calculate the highest common divisor of 513 and 323.
19
What is the greatest common factor of 14603 and 34?
17
What is the highest common factor of 187 and 33?
11
Calculate the greatest common divisor of 39 and 6.
3
Calculate the greatest common factor of 27004 and 344.
172
Calculate the greatest common divisor of 45018 and 82.
82
Calculate the highest common factor of 27510 and 210.
210
Calculate the greatest common factor of 1266 and 12.
6
Calculate the greatest common divisor of 280 and 432.
8
What is the greatest common divisor of 1284 and 12?
12
Calculate the highest common divisor of 153 and 1071.
153
Calculate the highest common divisor of 38 and 3781.
19
Calculate the greatest common divisor of 20163 and 47.
47
What is the greatest common factor of 261 and 9?
9
What is the greatest common divisor of 26 and 1339?
13
Calculate the highest common factor of 464 and 1624.
232
What is the highest common divisor of 11297 and 79?
79
What is the highest common divisor of 40 and 1240?
40
What is the greatest common factor of 150 and 1590?
30
What is the greatest common divisor of 4245 and 75?
15
What is the highest common factor of 3904 and 61?
61
Calculate the greatest common divisor of 36 and 324.
36
What is the highest common factor of 2160 and 990?
90
Calculate the highest common divisor of 28980 and 5.
5
Calculate the highest common factor of 91 and 35.
7
What is the highest common factor of 1232 and 385?
77
Calculate the greatest common divisor of 616 and 55.
11
Calculate the highest common divisor of 8 and 6984.
8
What is the highest common factor of 81 and 36?
9
What is the highest common factor of 55080 and 135?
135
Calculate the highest common divisor of 159 and 159.
159
Calculate the highest common divisor of 198 and 1947.
33
What is the highest common divisor of 102 and 1462?
34
Calculate the highest common divisor of 19 and 3.
1
Calculate the greatest common divisor of 91 and 77.
7
What is the highest common factor of 103 and 1957?
103
What is the greatest common factor of 7252 and 37?
37
Calculate the highest common divisor of 1240 and 560.
40
Calculate the highest common divisor of 361 and 38.
19
Calculate the highest common factor of 294 and 21.
21
Calculate the highest common divisor of 367 and 7.
1
Calculate the greatest common factor of 198 and 946.
22
What is the highest common factor of 12 and 2118?
6
What is the greatest common divisor of 51 and 4012?
17
Calculate the highest common divisor of 270 and 10.
10
Calculate the greatest common factor of 392 and 10339.
49
Calculate the greatest common factor of 108 and 123876.
108
Calculate the greatest common divisor of 37 and 666.
37
What is the highest common factor of 1235 and 260?
65
Calculate the greatest common divisor of 44 and 506.
22
Calculate the highest common divisor of 152 and 248.
8
Calculate the highest common factor of 285 and 30.
15
What is the greatest common factor of 19 and 5?
1
Calculate the highest common divisor of 754 and 208.
26
What is the highest common factor of 65 and 1885?
65
What is the highest common factor of 24 and 1461?
3
What is the greatest common divisor of 351 and 216?
27
Calculate the highest common factor of 272 and 391.
17
What is the highest com